940635557 prime?
False
Is 1395519371 a prime number?
True
Is 52126933 a prime number?
True
Is 18399613259 composite?
True
Is 11577689269 prime?
False
Is 20163407153 a prime number?
True
Is 2203554839 a composite number?
False
Is 391717307 prime?
True
Is 20033677507 a prime number?
True
Is 16868698487 prime?
True
Is 13649630719 composite?
False
Is 88877795717 a prime number?
True
Is 789985106 composite?
True
Is 38621712013 composite?
False
Is 16512443509 composite?
True
Is 61273649 a composite number?
False
Is 178420663 composite?
False
Is 3816604891 a composite number?
True
Is 9890218451 prime?
True
Is 9183899321 composite?
False
Is 86513221453 composite?
True
Is 112034387561 a composite number?
False
Is 51541403647 a composite number?
False
Is 27151595113 prime?
True
Is 7190460613 composite?
True
Is 743033257 a prime number?
False
Is 4103948782 a prime number?
False
Is 12472890413 a composite number?
False
Is 80376773 a composite number?
True
Is 3487337837 a composite number?
False
Is 3221944937 a prime number?
True
Is 1055030569 a prime number?
False
Is 121666554107 a composite number?
True
Is 104964995953 a prime number?
False
Is 16869961 a prime number?
False
Is 10993869917 a composite number?
True
Is 281134079 a composite number?
True
Is 7136069249 a prime number?
True
Is 1299002693 a composite number?
True
Is 13183477867 composite?
True
Is 912729523 a prime number?
False
Is 65778559079 a composite number?
False
Is 395231693 a prime number?
False
Is 21530632735 prime?
False
Is 1500848381 prime?
True
Is 60043573405 a composite number?
True
Is 634636039 prime?
True
Is 925902073 prime?
False
Is 924212081 a prime number?
False
Is 729631817 prime?
True
Is 2226019241 a prime number?
False
Is 1003134901 a composite number?
True
Is 2917747379 prime?
True
Is 9084746038 prime?
False
Is 326107443 a prime number?
False
Is 8264717011 a composite number?
True
Is 19512390151 a prime number?
True
Is 24716400607 a composite number?
False
Is 12202168273 a prime number?
False
Is 4092777457 a composite number?
True
Is 1331116121 a prime number?
True
Is 976481227 a prime number?
True
Is 4472858443 prime?
True
Is 1182126254 prime?
False
Is 8941415369 a composite number?
False
Is 137052064217 prime?
False
Is 6063572237 composite?
False
Is 1034645629 a prime number?
True
Is 53012970191 prime?
True
Is 32835332359 prime?
True
Is 40202138231 a prime number?
False
Is 4841582917 composite?
False
Is 9691914887 a prime number?
True
Is 41883250163 a prime number?
True
Is 3341127701 a prime number?
False
Is 853528787 a composite number?
False
Is 356791217 a prime number?
True
Is 168178033 a composite number?
False
Is 61376537543 prime?
False
Is 152204924809 a composite number?
True
Is 7573986523 composite?
True
Is 3501044621 a composite number?
True
Is 205663301 a prime number?
True
Is 23429463859 prime?
False
Is 25909894 composite?
True
Is 116177780197 composite?
False
Is 1304294015 a composite number?
True
Is 109746587 prime?
True
Is 1170694081 composite?
False
Is 8348217311 prime?
False
Is 237299299 composite?
True
Is 230632081 composite?
True
Is 2517210089 a composite number?
False
Is 23597069137 prime?
True
Is 5281935833 a prime number?
False
Is 258019481 prime?
True
Is 139460857 a prime number?
True
Is 449576661 a composite number?
True
Is 23261441509 prime?
False
Is 14963983 a prime number?
True
Is 2488032707 a composite number?
False
Is 22087144777 prime?
False
Is 13567924169 a composite number?
False
Is 4907943133 prime?
True
Is 343344863 prime?
True
Is 885853747 composite?
False
Is 27459614381 composite?
True
Is 355522127 a prime number?
True
Is 23351575501 a prime number?
False
Is 3434214943 prime?
True
Is 1134879677 composite?
True
Is 2163275849 a prime number?
False
Is 217669373 a prime number?
True
Is 6737963497 prime?
False
Is 10710041 a prime number?
False
Is 18687587 prime?
True
Is 1137212669 a prime number?
False
Is 32467498249 composite?
True
Is 939196043 a composite number?
True
Is 8365060217 a prime number?
False
Is 5420816383 a composite number?
False
Is 1363421003 a composite number?
True
Is 2490758191 prime?
True
Is 29194489 a composite number?
False
Is 2152038037 a composite number?
False
Is 4335080807 prime?
False
Is 203697589 prime?
True
Is 602011741 composite?
False
Is 210494437 a composite number?
True
Is 222229152893 a prime number?
False
Is 742409399 prime?
True
Is 8802465553 composite?
True
Is 31632639333 prime?
False
Is 306790117 prime?
False
Is 46190082889 composite?
False
Is 6552094163 composite?
False
Is 2538594517 prime?
True
Is 43966945219 prime?
True
Is 13512269737 a prime number?
False
Is 1630667237 a prime number?
False
Is 8094190073 composite?
False
Is 25881908131 composite?
True
Is 134920141 prime?
True
Is 486877753 composite?
False
Is 935254739 prime?
False
Is 92840991077 a composite number?
True
Is 59083491553 prime?
False
Is 219060967 prime?
True
Is 28679206441 composite?
True
Is 1083291107 a composite number?
True
Is 721806653 a prime number?
True
Is 65817754465 a prime number?
False
Is 1725715133 composite?
True
Is 4743528373 a composite number?
True
Is 812688223 a composite number?
True
Is 26838884983 a composite number?
True
Is 68008159481 prime?
False
Is 3384970559 a prime number?
False
Is 253140983 prime?
False
Is 33372826889 a composite number?
True
Is 22498699 a prime number?
True
Is 16284353909 prime?
False
Is 1185707645 composite?
True
Is 364686271 prime?
True
Is 8245770067 a prime number?
False
Is 9673967 composite?
False
Is 2224400569 composite?
True
Is 2222070023 a prime number?
True
Is 1155698051 a prime number?
True
Is 6374002499 prime?
False
Is 1308063929 prime?
False
Is 95258857 composite?
True
Is 10144043879 a prime number?
True
Is 587017565107 a prime number?
True
Is 832792573 a prime number?
True
Is 1085256391 prime?
True
Is 20467119901 a composite number?
True
Is 151638457 prime?
False
Is 3976537291 a prime number?
False
Is 1042451789 composite?
False
Is 226490063 composite?
False
Is 52753858279 a prime number?
False
Is 1314463763 a composite number?
False
Is 99835136267 a composite number?
False
Is 57163576843 prime?
True
Is 116882657 a composite number?
False
Is 57328332517 a composite number?
False
Is 29938063 composite?
True
Is 140934530317 composite?
True
Is 5184802367 composite?
False
Is 111915597839 composite?
True
Is 1109120803 a prime number?
False
Is 2844393967 prime?
True
Is 1388573959 a prime number?
True
Is 80493499133 a prime number?
True
Is 67645863889 a composite number?
False
Is 375936607 a composite number?
True
Is 2770624361 a composite number?
False
Is 48121868042 prime?
False
Is 632725463 prime?
False
Is 21786945073 a composite number?
True
Is 11011061921 a composite number?
False
Is 5555983 a composite number?
False
Is 501965587 composite?
False
Is 1012133813 prime?
False
Is 8203768127 a composite number?
True
Is 30115409 prime?
False
Is 62629142593 composite?
True
Is 1463123041 a prime number?
True
Is 171608569 a composite number?
True
Is 13114486303 composite?
True
Is 42157093939 a prime number?
True
Is 378981539 prime?
False
Is 117362202719 a composite number?
True
Is 127251583259 prime?
False
Is 31086724303 a composite number?
True
Is 152337113 a prime number?
False
Is 66405344371 a composite number?
False
Is 26927641313 a composite number?
False
Is 440107081 composite?
False
Is 3560831579 a prime number?
True
Is 123502164257 prime?
False
Is 101135048167 prime?
True
Is 2636386037 a composite number?
False
Is 11280340961 prime?
False
Is 163569793 composite?
False
Is 1809928843 a prime number?
False
Is 10314614549 a composite number?
True
Is 807251303 a prime number?
False
Is 4708281619 prime?
False
Is 26118378283 a composite number?
True
Is 1719114391 prime?
True
Is 16938139279 prime?
True
Is 1282956337 a prime number?
False
Is 7364035901 a composite number?
True
Is 36109468937 prime?
True
Is 34848920017 a prime number?
True
Is 185887987427 composite?
True
Is 72271109 prime?
False
Is 6076173833 a composite number?
True
Is 152783686123 composite?
True
Is 63608822059 a composite number?
False
Is 207275851 a composite number?
False
Is 314394251 prime?
False
Is 67915405343 a composite number?
False
Is 454449469901 composite?
True
Is 53735772823 composite?
False
Is 41340163387 a p